{"id":8,"date":"2019-07-17T22:37:59","date_gmt":"2019-07-17T19:37:59","guid":{"rendered":"http:\/\/www.maakauppa.fi\/?page_id=8"},"modified":"2020-02-12T21:22:38","modified_gmt":"2020-02-12T19:22:38","slug":"etusivu","status":"publish","type":"page","link":"https:\/\/www.maakauppa.fi\/","title":{"rendered":"Maanomistajan palvelut"},"content":{"rendered":"<h2>Autamme maanomistajia<\/h2>\n<p><span style=\"color: #333333;\">Tuotamme maanomistajalle r\u00e4\u00e4t\u00e4l\u00f6ityj\u00e4 edunvalvontaan ja neuvontaan liittyvi\u00e4 palveluja. Tavoitteemme on selv\u00e4: haluamme turvata maanomistajien edun osaamisemme avulla.\u00a0<\/span><\/p>\n<p><span style=\"color: #333333;\">Yleisimm\u00e4t palvelumme liittyv\u00e4t kiinteist\u00f6kauppoihin, kansainv\u00e4lisen arviointistandardin mukaiseen kiinteist\u00f6n arvonm\u00e4\u00e4ritykseen, kiinteist\u00f6toimituksiin, erilaisiin haitta- ja vahingonkorvaus arviointeihin sek\u00e4 kaupanvahvistukseen.<\/span><\/p>\n\n\n<p><\/p>\n","protected":false},"excerpt":{"rendered":"<p>Autamme maanomistajia Tuotamme maanomistajalle r\u00e4\u00e4t\u00e4l\u00f6ityj\u00e4 edunvalvontaan ja neuvontaan liittyvi\u00e4 palveluja. Tavoitteemme on selv\u00e4: haluamme turvata maanomistajien edun osaamisemme avulla.\u00a0 Yleisimm\u00e4t palvelumme liittyv\u00e4t kiinteist\u00f6kauppoihin, kansainv\u00e4lisen arviointistandardin mukaiseen kiinteist\u00f6n arvonm\u00e4\u00e4ritykseen, kiinteist\u00f6toimituksiin, erilaisiin haitta- ja vahingonkorvaus arviointeihin sek\u00e4 kaupanvahvistukseen.<\/p>\n","protected":false},"author":1,"featured_media":0,"parent":0,"menu_order":0,"comment_status":"closed","ping_status":"closed","template":"","meta":{"footnotes":""},"class_list":["post-8","page","type-page","status-publish","hentry"],"_links":{"self":[{"href":"https:\/\/www.maakauppa.fi\/index.php?rest_route=\/wp\/v2\/pages\/8","targetHints":{"allow":["GET"]}}],"collection":[{"href":"https:\/\/www.maakauppa.fi\/index.php?rest_route=\/wp\/v2\/pages"}],"about":[{"href":"https:\/\/www.maakauppa.fi\/index.php?rest_route=\/wp\/v2\/types\/page"}],"author":[{"embeddable":true,"href":"https:\/\/www.maakauppa.fi\/index.php?rest_route=\/wp\/v2\/users\/1"}],"replies":[{"embeddable":true,"href":"https:\/\/www.maakauppa.fi\/index.php?rest_route=%2Fwp%2Fv2%2Fcomments&post=8"}],"version-history":[{"count":36,"href":"https:\/\/www.maakauppa.fi\/index.php?rest_route=\/wp\/v2\/pages\/8\/revisions"}],"predecessor-version":[{"id":226,"href":"https:\/\/www.maakauppa.fi\/index.php?rest_route=\/wp\/v2\/pages\/8\/revisions\/226"}],"wp:attachment":[{"href":"https:\/\/www.maakauppa.fi\/index.php?rest_route=%2Fwp%2Fv2%2Fmedia&parent=8"}],"curies":[{"name":"wp","href":"https:\/\/api.w.org\/{rel}","templated":true}]}}